{"id":30,"date":"2026-05-06T13:53:07","date_gmt":"2026-05-06T13:53:07","guid":{"rendered":"https:\/\/test.gokonnekt.ch\/?page_id=30"},"modified":"2026-05-06T13:53:07","modified_gmt":"2026-05-06T13:53:07","slug":"dienstleitungen","status":"publish","type":"page","link":"https:\/\/test.gokonnekt.ch\/?page_id=30","title":{"rendered":"Dienstleitungen"},"content":{"rendered":"\n<!-- PAGE HERO -->\n<section style=\"background:var(--bk-surface);padding:6rem clamp(1rem,4vw,3rem) 4rem;border-bottom:1px solid var(--bk-border);\">\n  <div style=\"max-width:1200px;margin:0 auto;\">\n    <span class=\"berger-label berger-animate\">F\u00fcr Unternehmen<\/span>\n    <h1 class=\"berger-animate\" data-delay=\"1\" style=\"font-size:clamp(2.5rem,5vw,4rem);line-height:1.1;max-width:640px;margin-top:0.5rem;\">Mehr als nur ein Produkt \u2013 ein zuverl\u00e4ssiger Partner.<\/h1>\n    <p class=\"berger-animate\" data-delay=\"2\" style=\"color:var(--bk-muted);font-size:1.125rem;max-width:56ch;margin-top:1.25rem;\">Von der Grossbestellung bis zur Eigenmarke \u2013 wir unterst\u00fctzen Unternehmen mit massgeschneiderten L\u00f6sungen.<\/p>\n  <\/div>\n<\/section>\n\n<!-- LEISTUNGEN -->\n<section style=\"padding:5rem clamp(1rem,4vw,3rem);background:var(--bk-bg);\">\n  <div style=\"max-width:1200px;margin:0 auto;\">\n    <div style=\"display:grid;grid-template-columns:repeat(2,1fr);gap:2rem;\">\n\n      <div class=\"berger-animate\" data-delay=\"1\" style=\"background:var(--bk-white);border:1px solid var(--bk-border);border-radius:var(--bk-radius);padding:2.5rem;\">\n        <div style=\"width:52px;height:52px;background:var(--bk-green-xlight);border-radius:50%;display:flex;align-items:center;justify-content:center;margin-bottom:1.5rem;\">\n          <svg width=\"24\" height=\"24\" viewBox=\"0 0 24 24\" fill=\"none\" stroke=\"var(--bk-green)\" stroke-width=\"2\"><path d=\"M20 7H4a2 2 0 0 0-2 2v6a2 2 0 0 0 2 2h16a2 2 0 0 0 2-2V9a2 2 0 0 0-2-2z\"\/><path d=\"M16 21V5a2 2 0 0 0-2-2h-4a2 2 0 0 0-2 2v16\"\/><\/svg>\n        <\/div>\n        <h3 style=\"font-size:1.375rem;margin-bottom:0.875rem;\">Grosshandel &#038; Lieferung<\/h3>\n        <p style=\"color:var(--bk-muted);margin-bottom:1rem;\">Wir beliefern Detailh\u00e4ndler, Grossverteiler und Gastronomie in der ganzen Schweiz und europaweit. Zuverl\u00e4ssige Lieferzeiten, flexible Mengen.<\/p>\n        <ul style=\"list-style:none;padding:0;margin:0;display:flex;flex-direction:column;gap:0.5rem;\">\n          <li style=\"display:flex;align-items:center;gap:0.5rem;font-size:0.9rem;color:var(--bk-muted);\"><span style=\"color:var(--bk-green);font-size:1rem;\">\u2713<\/span> Lieferung europaweit<\/li>\n          <li style=\"display:flex;align-items:center;gap:0.5rem;font-size:0.9rem;color:var(--bk-muted);\"><span style=\"color:var(--bk-green);font-size:1rem;\">\u2713<\/span> Flexible Bestellmengen<\/li>\n          <li style=\"display:flex;align-items:center;gap:0.5rem;font-size:0.9rem;color:var(--bk-muted);\"><span style=\"color:var(--bk-green);font-size:1rem;\">\u2713<\/span> Pers\u00f6nliche Beratung<\/li>\n        <\/ul>\n      <\/div>\n\n      <div class=\"berger-animate\" data-delay=\"2\" style=\"background:var(--bk-white);border:1px solid var(--bk-border);border-radius:var(--bk-radius);padding:2.5rem;\">\n        <div style=\"width:52px;height:52px;background:var(--bk-gold-light);border-radius:50%;display:flex;align-items:center;justify-content:center;margin-bottom:1.5rem;\">\n          <svg width=\"24\" height=\"24\" viewBox=\"0 0 24 24\" fill=\"none\" stroke=\"var(--bk-gold)\" stroke-width=\"2\"><path d=\"M20.84 4.61a5.5 5.5 0 0 0-7.78 0L12 5.67l-1.06-1.06a5.5 5.5 0 0 0-7.78 7.78l1.06 1.06L12 21.23l7.78-7.78 1.06-1.06a5.5 5.5 0 0 0 0-7.78z\"\/><\/svg>\n        <\/div>\n        <h3 style=\"font-size:1.375rem;margin-bottom:0.875rem;\">Private Label \/ Eigenmarke<\/h3>\n        <p style=\"color:var(--bk-muted);margin-bottom:1rem;\">Wir produzieren Kaffeealternativen unter Ihrer Marke \u2013 mit individueller Rezeptur, Verpackungsgestaltung und Zertifizierung.<\/p>\n        <ul style=\"list-style:none;padding:0;margin:0;display:flex;flex-direction:column;gap:0.5rem;\">\n          <li style=\"display:flex;align-items:center;gap:0.5rem;font-size:0.9rem;color:var(--bk-muted);\"><span style=\"color:var(--bk-green);font-size:1rem;\">\u2713<\/span> Individuelle Rezepturen<\/li>\n          <li style=\"display:flex;align-items:center;gap:0.5rem;font-size:0.9rem;color:var(--bk-muted);\"><span style=\"color:var(--bk-green);font-size:1rem;\">\u2713<\/span> Eigenes Branding m\u00f6glich<\/li>\n          <li style=\"display:flex;align-items:center;gap:0.5rem;font-size:0.9rem;color:var(--bk-muted);\"><span style=\"color:var(--bk-green);font-size:1rem;\">\u2713<\/span> Bio-Zertifizierung inkl.<\/li>\n        <\/ul>\n      <\/div>\n\n      <div class=\"berger-animate\" data-delay=\"3\" style=\"background:var(--bk-white);border:1px solid var(--bk-border);border-radius:var(--bk-radius);padding:2.5rem;\">\n        <div style=\"width:52px;height:52px;background:var(--bk-surface);border-radius:50%;display:flex;align-items:center;justify-content:center;margin-bottom:1.5rem;\">\n          <svg width=\"24\" height=\"24\" viewBox=\"0 0 24 24\" fill=\"none\" stroke=\"var(--bk-muted)\" stroke-width=\"2\"><circle cx=\"12\" cy=\"12\" r=\"10\"\/><path d=\"M12 8v4l3 3\"\/><\/svg>\n        <\/div>\n        <h3 style=\"font-size:1.375rem;margin-bottom:0.875rem;\">Beratung &#038; Entwicklung<\/h3>\n        <p style=\"color:var(--bk-muted);margin-bottom:1rem;\">Unsere Experten unterst\u00fctzen Sie bei der Entwicklung neuer Produkte im Bereich Kaffeealternativen \u2013 von der Idee bis zur Marktreife.<\/p>\n        <ul style=\"list-style:none;padding:0;margin:0;display:flex;flex-direction:column;gap:0.5rem;\">\n          <li style=\"display:flex;align-items:center;gap:0.5rem;font-size:0.9rem;color:var(--bk-muted);\"><span style=\"color:var(--bk-green);font-size:1rem;\">\u2713<\/span> Rezepturentwicklung<\/li>\n          <li style=\"display:flex;align-items:center;gap:0.5rem;font-size:0.9rem;color:var(--bk-muted);\"><span style=\"color:var(--bk-green);font-size:1rem;\">\u2713<\/span> Produkttests &#038; Qualit\u00e4tssicherung<\/li>\n          <li style=\"display:flex;align-items:center;gap:0.5rem;font-size:0.9rem;color:var(--bk-muted);\"><span style=\"color:var(--bk-green);font-size:1rem;\">\u2713<\/span> Zertifizierungsbegleitung<\/li>\n        <\/ul>\n      <\/div>\n\n      <div class=\"berger-animate\" data-delay=\"4\" style=\"background:var(--bk-green);border-radius:var(--bk-radius);padding:2.5rem;display:flex;flex-direction:column;justify-content:space-between;\">\n        <div>\n          <h3 style=\"font-size:1.375rem;margin-bottom:0.875rem;color:#fff;\">Interesse an einer Zusammenarbeit?<\/h3>\n          <p style=\"color:rgba(255,255,255,0.8);margin-bottom:1.5rem;\">Kontaktieren Sie uns f\u00fcr ein unverbindliches Erstgespr\u00e4ch. Wir finden gemeinsam die passende L\u00f6sung f\u00fcr Ihr Unternehmen.<\/p>\n        <\/div>\n        <a href=\"\/kontakt\/\" class=\"wp-block-button__link\" style=\"background:#fff;color:var(--bk-green);align-self:flex-start;\">Jetzt anfragen<\/a>\n      <\/div>\n\n    <\/div>\n  <\/div>\n<\/section>\n\n<!-- PROZESS -->\n<section style=\"padding:5rem clamp(1rem,4vw,3rem);background:var(--bk-surface);\">\n  <div style=\"max-width:1200px;margin:0 auto;\">\n    <div style=\"text-align:center;margin-bottom:3.5rem;\">\n      <span class=\"berger-label berger-animate\">Ablauf<\/span>\n      <h2 class=\"berger-animate\" data-delay=\"1\">So arbeiten wir zusammen.<\/h2>\n    <\/div>\n    <div style=\"display:grid;grid-template-columns:repeat(4,1fr);gap:0;position:relative;\">\n      <div style=\"position:absolute;top:28px;left:12%;right:12%;height:1px;background:var(--bk-border);z-index:0;\"><\/div>\n      <div class=\"berger-animate\" data-delay=\"1\" style=\"text-align:center;padding:0 1rem;position:relative;z-index:1;\">\n        <div style=\"width:56px;height:56px;background:var(--bk-green);border-radius:50%;display:flex;align-items:center;justify-content:center;margin:0 auto 1rem;font-family:Playfair Display,serif;font-size:1.25rem;font-weight:700;color:#fff;\">1<\/div>\n        <h4 style=\"font-size:0.875rem;margin-bottom:0.5rem;\">Erstkontakt<\/h4>\n        <p style=\"font-size:0.8125rem;color:var(--bk-muted);\">Sie nehmen Kontakt auf \u2013 per Mail, Telefon oder Formular.<\/p>\n      <\/div>\n      <div class=\"berger-animate\" data-delay=\"2\" style=\"text-align:center;padding:0 1rem;position:relative;z-index:1;\">\n        <div style=\"width:56px;height:56px;background:var(--bk-green);border-radius:50%;display:flex;align-items:center;justify-content:center;margin:0 auto 1rem;font-family:Playfair Display,serif;font-size:1.25rem;font-weight:700;color:#fff;\">2<\/div>\n        <h4 style=\"font-size:0.875rem;margin-bottom:0.5rem;\">Beratung<\/h4>\n        <p style=\"font-size:0.8125rem;color:var(--bk-muted);\">Wir besprechen Ihre Bed\u00fcrfnisse und erarbeiten ein Angebot.<\/p>\n      <\/div>\n      <div class=\"berger-animate\" data-delay=\"3\" style=\"text-align:center;padding:0 1rem;position:relative;z-index:1;\">\n        <div style=\"width:56px;height:56px;background:var(--bk-green);border-radius:50%;display:flex;align-items:center;justify-content:center;margin:0 auto 1rem;font-family:Playfair Display,serif;font-size:1.25rem;font-weight:700;color:#fff;\">3<\/div>\n        <h4 style=\"font-size:0.875rem;margin-bottom:0.5rem;\">Produktion<\/h4>\n        <p style=\"font-size:0.8125rem;color:var(--bk-muted);\">Ihre Bestellung wird produziert und qualit\u00e4tsgepr\u00fcft.<\/p>\n      <\/div>\n      <div class=\"berger-animate\" data-delay=\"4\" style=\"text-align:center;padding:0 1rem;position:relative;z-index:1;\">\n        <div style=\"width:56px;height:56px;background:var(--bk-gold);border-radius:50%;display:flex;align-items:center;justify-content:center;margin:0 auto 1rem;font-family:Playfair Display,serif;font-size:1.25rem;font-weight:700;color:#fff;\">4<\/div>\n        <h4 style=\"font-size:0.875rem;margin-bottom:0.5rem;\">Lieferung<\/h4>\n        <p style=\"font-size:0.8125rem;color:var(--bk-muted);\">P\u00fcnktliche Lieferung direkt zu Ihnen \u2013 schweizweit und europaweit.<\/p>\n      <\/div>\n    <\/div>\n  <\/div>\n<\/section>\n","protected":false},"excerpt":{"rendered":"<p>F\u00fcr Unternehmen Mehr als nur ein Produkt \u2013 ein zuverl\u00e4ssiger Partner. Von der Grossbestellung bis zur Eigenmarke \u2013 wir unterst\u00fctzen Unternehmen mit massgeschneiderten L\u00f6sungen. Grosshandel &#038; Lieferung Wir beliefern Detailh\u00e4ndler, Grossverteiler und Gastronomie in der ganzen Schweiz und europaweit. Zuverl\u00e4ssige Lieferzeiten, flexible Mengen. \u2713 Lieferung europaweit \u2713 Flexible Bestellmengen \u2713 Pers\u00f6nliche Beratung Private Label \/ [&hellip;]<\/p>\n","protected":false},"author":1,"featured_media":0,"parent":0,"menu_order":0,"comment_status":"closed","ping_status":"closed","template":"","meta":{"footnotes":""},"class_list":["post-30","page","type-page","status-publish","hentry"],"_links":{"self":[{"href":"https:\/\/test.gokonnekt.ch\/index.php?rest_route=\/wp\/v2\/pages\/30","targetHints":{"allow":["GET"]}}],"collection":[{"href":"https:\/\/test.gokonnekt.ch\/index.php?rest_route=\/wp\/v2\/pages"}],"about":[{"href":"https:\/\/test.gokonnekt.ch\/index.php?rest_route=\/wp\/v2\/types\/page"}],"author":[{"embeddable":true,"href":"https:\/\/test.gokonnekt.ch\/index.php?rest_route=\/wp\/v2\/users\/1"}],"replies":[{"embeddable":true,"href":"https:\/\/test.gokonnekt.ch\/index.php?rest_route=%2Fwp%2Fv2%2Fcomments&post=30"}],"version-history":[{"count":1,"href":"https:\/\/test.gokonnekt.ch\/index.php?rest_route=\/wp\/v2\/pages\/30\/revisions"}],"predecessor-version":[{"id":31,"href":"https:\/\/test.gokonnekt.ch\/index.php?rest_route=\/wp\/v2\/pages\/30\/revisions\/31"}],"wp:attachment":[{"href":"https:\/\/test.gokonnekt.ch\/index.php?rest_route=%2Fwp%2Fv2%2Fmedia&parent=30"}],"curies":[{"name":"wp","href":"https:\/\/api.w.org\/{rel}","templated":true}]}}